{"version":"1.0","provider_name":"Szerelem az \u00e9letem","provider_url":"https:\/\/szerelemazeletem.cafeblog.hu","author_name":"Kriszti Erd\u00e9lyi","author_url":"https:\/\/szerelemazeletem.cafeblog.hu\/author\/szerelemazeletemgmail-com\/","title":"Vajon mi a Szerelem??? Els\u0151 r\u00e9sz.  ","html":"A K\u00e9rd\u00e9s but\u00e1nak t\u0171nhet, de komolyan!\r\nGondolom mindannyian meg\u00e9lt\u00fck azt a fajta szerelmet, amikor lila k\u00f6dben \u00fasztunk??!! Ugye?\r\nAmi kezdetben \u00e9des, de miut\u00e1n csak ritk\u00e1n van re\u00e1lis alapja \u00e9s tal\u00e1lkozik a k\u00f6lcs\u00f6n\u00f6ss\u00e9ggel meg a val\u00f3ss\u00e1ggal \u00edgy r\u00f6videbb hosszabb id\u0151 ut\u00e1n f\u00e1jdalmasan elillan, akkor kider\u00fcl mivel ruh\u00e1ztuk mi fel a nagy \u0150T \u00e9s mi a val\u00f3s\u00e1g?\r\n\r\nOlvasd tov\u00e1bb <a href=\"http:\/\/szerelem-az-eletem.blog.hu\/2014\/07\/13\/karacsonyfa_egesz_evben\">ITT<\/a>\r\n\r\n&nbsp;","type":"rich"}

Szerelem az életem

Kriszti Erdélyi

Vajon mi a Szerelem??? Első rész.

A Kérdés butának tűnhet, de komolyan!
Gondolom mindannyian megéltük azt a fajta szerelmet, amikor lila ködben úsztunk??!! Ugye?
Ami kezdetben édes, de miután csak ritkán van reális alapja és találkozik a kölcsönösséggel meg a valóssággal így rövidebb hosszabb idő után fájdalmasan elillan, akkor kiderül mivel ruháztuk mi fel a nagy ŐT és mi a valóság?

Olvasd tovább <a href="http://szerelem-az-eletem.blog.hu/2014/07/13/karacsonyfa_egesz_evben">ITT</a>

&nbsp;
